actors of 35/7 + (-2)/(-1)?
7
Suppose 4*w + 4 = 0, 2*x = w + 225 + 206. What are the prime factors of x?
5, 43
Let s(f) = 2*f + 2. Let l be s(4). What are the prime factors of 2 + l + (-3 - -1)?
2, 5
Suppose -2*a = -1 - 3. Suppose 6 = 2*z - r, 4*z + a = 6*z + r. List the prime factors of z.
2
Let v = -15 + 46. What are the prime factors of v?
31
Suppose 39 = l + 3*i, 5*l - i + 5*i = 250. What are the prime factors of l?
2, 3
Suppose -3 = -5*r + 7. Suppose -5*y = 4*k - 14, -8 = -5*y - 0*y + r*k. Suppose y*p = p + 2. List the prime factors of p.
2
Suppose -55 = 3*v - 337. List the prime factors of v.
2, 47
Suppose 25 = 5*z + f, -40 = -4*z + f - 11. Suppose 0 = 4*w + w - 20. Suppose 5*h + 1 = -j - z, w*h = 5*j - 23. List the prime factors of j.
3
Suppose -3*d - 8 = d, -3*d = -y + 9. List the prime factors of 51/12 - y/12.
2
Suppose -3*u = -0*u - 111. What are the prime factors of u?
37
Let n be (4/(-6))/((-2)/(-24)). Let v = -4 - n. Suppose 2*u - 3*z = 16, 2*z = v*u + 4*z - 48. What are the prime factors of u?
11
Suppose 3*k - 4*d + 2 + 2 = 0, 4*d - 4 = -k. Suppose k*a - 3*t = -2*a + 39, -5*a - 3*t + 66 = 0. What are the prime factors of a?
3, 5
Let r = -42 + 86. List the prime factors of r.
2, 11
Suppose -29*b = -33*b + 116. What are the prime factors of b?
29
Let a(l) = 23*l**2 + 11*l + 3. What are the prime factors of a(-2)?
73
Let o = 36 - 62. Let g = o - -64. What are the prime factors of g?
2, 19
Let a(m) = m**3 + 7*m**2 - 2*m - 9. Let k be -6 + (1 - 0 - 2). What are the prime factors of a(k)?
5
Let j(q) = -q**3 + 5*q**2 + 5*q + 6. Let s be j(6). Suppose u + 0*u + 18 = s. Let r = -12 - u. What are the prime factors of r?
2, 3
Suppose -64 = -s - 19. List the prime factors of s.
3, 5
Suppose -2*a + 3*b = -224, -299 = 5*a + 4*b - 882. Suppose -4*s + 60 = 3*i + i, -5*i = -5*s - a. Let z = 31 - i. List the prime factors of z.
2, 3
Let j(h) = -1 + 22*h**2 + 6*h**2 + 0. List the prime factors of j(-1).
3
Let p = 188 + -84. Let h = p + -74. What are the prime factors of h?
2, 3, 5
Let y(m) = 2*m**2 - 4*m**2 + m**2 + 5. Let x be y(0). Let c(z) = -z**3 + 4*z**2 + 6*z + 5. What are the prime factors of c(x)?
2, 5
Let v(o) = o**3 + 5*o**2 - o - 6. Let u be -1*(4 - -1)*1. Let h be v(u). List the prime factors of (-9)/(-15)*(-5)/h.
3
Suppose 5*w = 2*w + 438. List the prime factors of w.
2, 73
Let w(t) be the third derivative of t**4/24 - 5*t**3/6 + 16*t**2. Let k = -3 + 13. What are the prime factors of w(k)?
5
Suppose -4*c + 60 = -0*c. List the prime factors of c.
3, 5
Suppose 3*z = 7 + 5. Let n(j) = 2*j**3 - 4*j**2 + j - 5. Let b be n(z). Suppose -3*v + 0*v = -b. List the prime factors of v.
3, 7
What are the prime factors of (-1552)/(-5) - 7/((-140)/(-8))?
2, 5, 31
Suppose 0 = -3*c - 4*m + 5, 2*c + 4*m - m = 4. Let d(s) = -22*s. List the prime factors of d(c).
2, 11
What are the prime factors of 2*((-5)/(-2) - -1)?
7
Suppose -3*u + 4 = 5*n, -1 = 4*n - 2*u + 3*u. What are the prime factors of (-11 - (-3 - -3))/n?
11
Let h be ((0/(-1))/3)/(-1). Suppose h = -2*p + 2*m + 8, m + 3*m - 20 = -5*p. List the prime factors of (-303)/(-27) + p/(-18).
11
Let c = 6 - 4. List the prime factors of (23 + 0 - c) + 2.
23
Let l be -2 + 1/((-3)/(-6)). Suppose p - 5 + 3 = l. List the prime factors of p.
2
Let t = 8 - 11. Let u(l) = -l**3 - l**2 + 4*l. Let o be u(t). Suppose -30 = 3*w - o*w. List the prime factors of w.
2, 5
Let x(i) = 2*i**3 - i**2 - 1. Let p(a) = 3*a**3 - a**2 + a. Let b be p(1). Suppose -b*l - 9 = 0, 0*r - 4*l - 18 = -3*r. List the prime factors of x(r).
11
Suppose 5*d - 19 = 2*j, -2*d = -4*j + d - 3. Suppose 2*b = 4*b + 2*h - 52, -5*h = j*b - 74. What are the prime factors of b?
2, 7
Let t be (8/(-6))/((-1)/6). Let b(j) = 5*j**2 + 5. Let m(z) = -z**2 + z + 1. Let d(n) = -b(n) - 6*m(n). What are the prime factors of d(t)?
5
Let u(y) be the second derivative of y**3/6 - y**2 + 7*y. Let g = 16 - 6. What are the prime factors of u(g)?
2
Let j = -6 + 7. Suppose b - 2 + j = 0. Let q = 6 + b. List the prime factors of q.
7
Let v = 428 + -217. List the prime factors of v.
211
Let n = 34 - 12. List the prime factors of n.
2, 11
Suppose 6*r - r = 4*v - 8, 0 = 2*v - 3*r - 4. Suppose -g + 41 = -3*f + 3*g, 0 = g - v. What are the prime factors of (-2)/(2/f) + -2?
3
Let u(k) = k**2 + 2*k + 1. Let c be u(-3). Suppose r = 3*z - 3*r - 221, -r = 5. Suppose z = c*h + 3. List the prime factors of h.
2
Let q = 7 - 6. Let s = q + 1. What are the prime factors of s?
2
Let p(v) = v**3 + 8*v**2 + 8*v + 3. Suppose -q = -3*q - 14. Let l be p(q). Let w = 3 - l. List the prime factors of w.
7
Suppose 80 = 5*f - 240. Suppose 0 = -4*g + 8 + f. List the prime factors of g.
2, 3
Let f = 4 + -7. Let o = f + 5. List the prime factors of o.
2
Suppose 0 = 2*b - 2, 5*b - 1 + 2 = 2*v. Suppose 0 = -0*h + v*h - 84. List the prime factors of h.
2, 7
Let x(a) = a**3 + 4*a**2 - 2*a. Let r be x(-4). Suppose r = -2*c + 4*c. Suppose -m + 5*b = -c, -5*m + b = -0*b - 20. What are the prime factors of m?
2
Let a(b) be the first derivative of -1/3*b**3 + 11*b + 1/2*b**2 + 1. List the prime factors of a(0).
11
List the prime factors of 5952/56 - (-1 - (-9)/7).
2, 53
Suppose -2*n = n + 5*k - 104, -n = 2*k - 35. List the prime factors of n.
3, 11
Suppose -2*u = 3*w - 35, -3*w = -2*u - 4 - 27. Suppose -5*m + 28 = -27. Suppose 2*b - w - m = 0. List the prime factors of b.
11
Let o(w) = w**2 + w + 5. Let p be o(-6). Let b = p - 25. What are the prime factors of b?
2, 5
Let b(v) = v**3 - v**2 - 4*v + 1. Let m(w) = w - 4. Let s be m(7). What are the prime factors of b(s)?
7
Suppose 4*l - 3*a = 112, 3*a = 7*a - 16. What are the prime factors of l?
31
Suppose -18*i + 3824 = 296. What are the prime factors of i?
2, 7
Let c(j) = -j**2 - 6*j + 7. Let w be c(-7). Suppose 3*n = 9, 4*g + n - 2 - 1 = w. Suppose 2*r = -g*r + 28. What are the prime factors of r?
2, 7
Let f = -44 - -77. List the prime factors of f.
3, 11
Let n = 59 + -53. What are the prime factors of n?
2, 3
What are the prime factors of 1 + 176/4 + 2?
47
Suppose 11*f - 276 = 5*f. List the prime factors of f.
2, 23
Let n = 407 - 265. What are the prime factors of n?
2, 71
Suppose y - 6*g = -g + 24, 5*g = -4*y - 29. Let s = 3 + y. Suppose -r + s*n - 1 = -0, 3*r - 6 = 3*n. What are the prime factors of r?
5
Let s(f) = -11*f + 1. Let a be s(-4). Suppose -a = n - 6*n. What are the prime factors of n?
3
Suppose -4*o = -0*o + 56. What are the prime factors of (-2)/(-8)*(58 + o)?
11
Suppose 4*h = 2*h + 6. Suppose 0 = -h*n - 0*n. Suppose 4*w - w - 24 = n. What are the prime factors of w?
2
Suppose 4*w - k = -45, -6*w + 4*k = -w + 70. Let p = -7 - w. List the prime factors of p.
3
Let r be (-10)/15 + (-2)/(-3). Let m be (-328)/(-28) + (-4)/(-14). Suppose -m = -p - r*p. What are the prime factors of p?
2, 3
Suppose -2*j + 8*j - 1170 = 0. What are the prime factors of j?
3, 5, 13
Suppose 0 = -5*f + 7*f - 68. Suppose -18 = -4*u - 2*b + f, -3*u = -3*b - 30. What are the prime factors of u?
2, 3
Let v = 8 - 3. What are the prime factors of v?
5
Let b be (-1044)/(-66) - (-6)/33. Let l = 34 - b. What are the prime factors of l?
2, 3
Let l = -5 - -8. Suppose 0 = 3*z + 2*z + 3*r - 85, 0 = l*r + 15. What are the prime factors of z?
2, 5
Let w be -16 - ((-6)/1 + 3). Let z = w + 22. List the prime factors of z.
3
Let s be 0 + 1 - 1 - -4. Let h = s + -2. Suppose -6 - 14 = -h*q. List the prime factors of q.
2, 5
Let t be (-10)/8 + 2/8. Let m be (1 - -2)*(t - 3). Let i = 17 + m. What are the prime factors of i?
5
Suppose 5*z - 13 = -2*s, 4*s - 5*z + 43 = s. List the prime factors of (s/(-10))/(7/70).
2, 3
Let r(u) = -u**2 - 2*u + 5. Let j be r(-4). List the prime factors of 4 - (-2 - 2 - j).
5
Suppose -v + 3*v = 100. List the prime factors of v.
2, 5
Let n = -20 - -28. What are the prime factors of n?
2
Suppose -2*f + 633 = 3*r, -5*f + 0*f - 15 = 0. What are the prime factors of r?
3, 71
Let s be 2/4 - (-34)/(-4). Let l(x) = -x**2 - 8*x + 4. Let k be l(s). Suppose 0*v = -4*v - 4*p + 44, -3*v + 37 = k*p. List the prime factors of v.
7
Let t(y) = 4*y**2 - y - 2. Suppose 0 = 2*m - 5*g - 0*g - 21, -4*g = 2*m + 24. What are the prime factors of t(m)?
2
Suppose -9*y = -14*y + 60. Suppose 15*k - 111 = y*k. What are the prime factors of k?
37
Suppose 0 = -2*o + 4*o + 16. Let c(t) 